49
List the prime factors of 342280924.
2, 17, 5033543
List the prime factors of 15368737.
3067, 5011
List the prime factors of 524316644.
2, 83, 1013, 1559
What are the prime factors of 2022783559?
2022783559
What are the prime factors of 2496206230?
2, 5, 7, 35660089
What are the prime factors of 5255896007?
5255896007
What are the prime factors of 36007329?
3, 12002443
What are the prime factors of 3705054604?
2, 26849, 34499
What are the prime factors of 53894668?
2, 13473667
List the prime factors of 1095967604.
2, 1301, 210601
What are the prime factors of 96738185?
5, 19347637
What are the prime factors of 870246062?
2, 7, 62160433
List the prime factors of 40898027.
1913, 21379
What are the prime factors of 187890343?
187890343
What are the prime factors of 4162997498?
2, 11, 17202469
List the prime factors of 1098480374.
2, 103, 5332429
List the prime factors of 176800549.
1223, 144563
List the prime factors of 5449265533.
211, 419, 61637
What are the prime factors of 112253801?
11, 10204891
List the prime factors of 227670500.
2, 5, 455341
List the prime factors of 175110060.
2, 3, 5, 2918501
What are the prime factors of 139496934?
2, 3, 17, 1367617
What are the prime factors of 522405103?
11, 277, 171449
What are the prime factors of 150924298?
2, 7, 23, 468709
What are the prime factors of 397939619?
7, 11, 5168047
What are the prime factors of 2767849446?
2, 3, 31, 433, 34367
What are the prime factors of 124176187?
124176187
List the prime factors of 5408566.
2, 2704283
List the prime factors of 1244152497.
3, 7, 17, 43, 81047
What are the prime factors of 3261132401?
16547, 197083
List the prime factors of 3498280455.
3, 5, 14519, 16063
What are the prime factors of 31007363?
31007363
What are the prime factors of 335387187?
3, 37265243
List the prime factors of 4228895.
5, 11, 23, 3343
List the prime factors of 159709800.
2, 3, 5, 266183
What are the prime factors of 94043894?
2, 7, 31, 337, 643
What are the prime factors of 74992130?
2, 5, 1087, 6899
List the prime factors of 2281874117.
10781, 211657
List the prime factors of 3224404747.
19, 8867, 19139
List the prime factors of 245116485.
3, 5, 67, 81299
What are the prime factors of 436186923?
3, 145395641
What are the prime factors of 8917902694?
2, 29, 153756943
List the prime factors of 95861618.
2, 47930809
List the prime factors of 13347239.
13347239
What are the prime factors of 214161761?
11, 19469251
What are the prime factors of 1810618437?
3, 603539479
List the prime factors of 216818885.
5, 43363777
What are the prime factors of 3336860240?
2, 5, 7, 23, 449, 577
List the prime factors of 206999587.
206999587
What are the prime factors of 30756902?
2, 11, 241, 5801
What are the prime factors of 3702946055?
5, 29, 3299, 7741
List the prime factors of 304384753.
31, 409, 24007
List the prime factors of 868606322.
2, 434303161
List the prime factors of 195498681.
3, 7, 189989
List the prime factors of 218643967.
4093, 53419
What are the prime factors of 79320710?
2, 5, 7, 161879
List the prime factors of 54843431.
23, 2384497
List the prime factors of 767165310.
2, 3, 5, 2841353
What are the prime factors of 862800756?
2, 3, 71900063
List the prime factors of 16155965.
5, 7, 461599
List the prime factors of 138009402.
2, 3, 1601, 4789
What are the prime factors of 1906249986?
2, 3, 4457, 23761
List the prime factors of 1823262124.
2, 5563, 81937
List the prime factors of 8208595114.
2, 37, 397, 279413
What are the prime factors of 19572815?
5, 37, 241, 439
List the prime factors of 7569096665.
5, 13, 3253, 35797
List the prime factors of 400927219.
7, 11, 211, 24677
List the prime factors of 39065083.
19, 101, 20357
List the prime factors of 1433480974.
2, 263, 317, 8597
What are the prime factors of 43969063?
181, 242923
List the prime factors of 57083250.
2, 3, 5, 7, 83, 131
What are the prime factors of 12308404?
2, 23, 353, 379
List the prime factors of 3051221758.
2, 13, 117354683
What are the prime factors of 28770790?
2, 5, 31, 92809
List the prime factors of 3645399674.
2, 7, 23, 83, 136399
List the prime factors of 59568980.
2, 5, 31, 96079
List the prime factors of 8155263.
3, 31, 87691
List the prime factors of 1385592063.
3, 1667, 277063
What are the prime factors of 46203267?
3, 11, 67, 20897
What are the prime factors of 10797734?
2, 31, 174157
What are the prime factors of 905992994?
2, 452996497
List the prime factors of 515439582.
2, 3, 7, 311, 39461
What are the prime factors of 232058611?
232058611
What are the prime factors of 88703637?
3, 11, 17, 71, 131
List the prime factors of 305716842.
2, 3, 43, 14629
What are the prime factors of 255784313?
181, 1413173
What are the prime factors of 9081634?
2, 59, 76963
What are the prime factors of 230710769?
23, 227, 44189
What are the prime factors of 3266831116?
2, 816707779
What are the prime factors of 575602002?
2, 3, 23, 1390343
What are the prime factors of 65197874?
2, 7, 151, 30841
What are the prime factors of 477357920?
2, 5, 13, 229499
What are the prime factors of 175919241?
3, 58639747
What are the prime factors of 398207616?
2, 3, 37, 28027
What are the prime factors of 155438309?
13, 31, 61, 6323
What are the prime factors of 860695297?
7, 11, 11177861
What are the prime factors of 5187400?
2, 5, 37, 701
List the prime factors of 1547736496.
2, 29, 43, 77573
List the prime factors of 986670271.
986670271
List the prime factors of 12112661.
11, 31, 35521
What are the prime factors of 501713223?
3, 11, 15203431
List the prime factors of 2419651941.
3, 7, 41, 73, 137, 281
What are the prime factors of 306125032?
2, 23, 53, 31391
What are the prime factors of 124006296?
2, 3, 17, 303937
What are the prime factors of 1212992386?
2, 37, 79, 207491
List the prime factors of 493186397.
11, 67, 669181
List the prime factors of 116781719.
4127, 28297
List the prime factors of 305525978.
2, 152762989
List the prime factors of 16289025.
3, 5, 47, 4621
List the prime factors of 1246157042.
2, 13, 157, 305281
What are the prime factors of 358473496?
2, 41, 1092907
What are the prime factors of 251792695?
5, 7, 11, 17, 31, 73
What are the prime factors of 913062583?
59, 15475637
List the prime factors of 389255864.
2, 23, 29, 72949
What are the prime factors of 56360691?
3, 41, 5657
What are the prime factors of 1283230571?
7, 3741197
What are the prime factors of 87317373?
3, 11, 13, 37, 5501
What are the prime factors of 31319581?
19, 457, 3607
What are the prime factors of 310067314?
2, 3673, 42209
What are the prime factors of 626121468?
2, 3, 7, 163, 5081
What are the prime factors of 227427094?
2, 113713547
What are the prime factors of 1101182095?
5, 13, 16941263
List the prime factors of 134982965.
5, 13, 29, 101, 709
List the prime factors of 1334030922.
2, 3, 7, 10587547
What are the prime factors of 1744619734?
2, 11, 13, 59, 103391
List the prime factors of 591137800.
2, 5, 11, 47, 5717
What are the prime factors of 964959605?
5, 53, 3641357
What are the prime factors of 2802305055?
3, 5, 11, 43, 394969
What are the prime factors of 88557522?
2, 3, 17, 868211
List the prime factors of 1669936373.
7, 167, 859, 1663
List the prime factors of 837646931.
11, 67, 823, 1381
What are the prime factors of 5317606432?
2, 113, 1470577
List the prime factors of 72996915.
3, 5, 29, 167809
What are the prime factors of 4025530701?
3, 1709, 261721
List the prime factors of 1034844501.
3, 344948167
List the prime factors of 911242046.
2, 11, 13, 163, 1777
What are the prime factors of 133091788?
2, 29, 503, 2281
List the prime factors of 196840264.
2, 233, 105601
What are the prime factors of 42633347?
277, 153911
List the prime factors of 60910816.
2, 1903463
What are the prime factors of 1151241346?
2, 643, 895211
List the prime factors of 2349640645.
5, 11, 42720739
List the prime factors of 10777479.
3, 3592493
List the prime factors of 1659653221.
89, 18647789
List the prime factors of 4993806759.
3, 23, 709, 102079
What are the prime factors of 631718549?
7, 11, 131, 62627
List the prime factors of 183899472.
2, 3, 17, 37, 6091
What are the prime factors of 1753533397?
7, 11, 983, 23167
What are the prime factors of 991911270?
2, 3, 5, 7, 419, 11273
List the prime factors of 130515896.
2, 7, 23